{"id":172,"date":"2019-04-02T15:19:05","date_gmt":"2019-04-02T18:19:05","guid":{"rendered":"http:\/\/ritmoenelarte.com\/?page_id=8"},"modified":"2019-04-02T15:19:05","modified_gmt":"2019-04-02T18:19:05","slug":"inicio","status":"publish","type":"page","link":"https:\/\/conferencia.ritmoenelarte.com\/","title":{"rendered":"Inicio"},"content":{"rendered":"\n\t\t\t\t<p class=\"western\" align=\"justify\"><span style=\"font-family: Calibri, serif;\">Los estudios sobre el ritmo en el arte tienen al mismo tiempo una importante tradici\u00f3n y gran actualidad. El fen\u00f3meno r\u00edtmico es crucial no s\u00f3lo en la m\u00fasica, la poes\u00eda y la danza, las disciplinas m\u00e1s asociadas tradicionalmente a la experiencia r\u00edtmica, sino tambi\u00e9n en el cine, la narrativa, el teatro y artes similares; inclusive en la pl\u00e1stica, la arquitectura y disciplinas relacionadas se habla de ritmo.<\/span><\/p>\n<p class=\"western\" align=\"justify\"><span style=\"font-family: Calibri, serif;\">El investigador franc\u00e9s Pascal Michon ha hecho del estudio del ritmo en la filosof\u00eda y las ciencias sociales el centro de su pensamiento con un enfoque radicalmente innovador. La presente Conferencia se propone relacionar sus ideas con la pr\u00e1ctica art\u00edstica y con el trabajo de los investigadores locales con el fin de establecer relaciones, correspondencias y articulaciones entre estas dos \u00e1reas del conocimiento. <\/span><\/p>\n\n\n<p>\n<strong>Ejes tem\u00e1ticos. <\/strong>\n<\/p>\n\n\n\n<p>\n&#8211; Ritmo\ny forma. Posibilidades de una descripci\u00f3n formal del ritmo aplicable\na distintas disciplinas art\u00edsticas. \n<\/p>\n\n\n\n<p>\n&#8211; Ritmo, y norma. Subjetividad, identidad\ny norma en el fen\u00f3meno r\u00edtmico.<\/p>\n\n\n\n<p>\n&#8211; Ritmo y sentido. El lugar del ritmo en\nla creaci\u00f3n de sentido en el arte.<\/p>\n\n\n\n<p> &#8211; Ritmo y lenguaje. Ritmo, sentido y sujeto en el discurso.<\/p>\n\n\n\n<p>\n&#8211; Ritmo y sociedad. El ritmo en el arte y\nsu relaci\u00f3n con el fen\u00f3meno r\u00edtmico en la vida pol\u00edtica y social.<\/p>\n\n\n\n<p> &#8211; Ritmo y educaci\u00f3n. Formas de abordar la problem\u00e1tica del ritmo en la clase de arte.  <\/p>\n\n\n\n<p>Evento declarado de inter\u00e9s por el Departamento de Artes del Movimiento de la Universidad Nacional de las Artes. <\/p>\n\t\t","protected":false},"excerpt":{"rendered":"<p>Los estudios sobre el ritmo en el arte tienen al mismo tiempo una importante tradici\u00f3n y gran actualidad. El fen\u00f3meno r\u00edtmico es crucial no s\u00f3lo en la m\u00fasica, la poes\u00eda y la danza, las disciplinas m\u00e1s asociadas tradicionalmente a la experiencia r\u00edtmica, sino tambi\u00e9n en el cine, la narrativa, el teatro y artes similares; inclusive &hellip; <\/p>\n<p class=\"link-more\"><a href=\"https:\/\/conferencia.ritmoenelarte.com\/\" class=\"more-link\">Continue reading<span class=\"screen-reader-text\"> &#8220;Inicio&#8221;<\/span><\/a><\/p>\n","protected":false},"author":2,"featured_media":35,"parent":0,"menu_order":0,"comment_status":"closed","ping_status":"closed","template":"","meta":{"footnotes":""},"class_list":["post-172","page","type-page","status-publish","has-post-thumbnail","hentry"],"_links":{"self":[{"href":"https:\/\/conferencia.ritmoenelarte.com\/index.php\/wp-json\/wp\/v2\/pages\/172","targetHints":{"allow":["GET"]}}],"collection":[{"href":"https:\/\/conferencia.ritmoenelarte.com\/index.php\/wp-json\/wp\/v2\/pages"}],"about":[{"href":"https:\/\/conferencia.ritmoenelarte.com\/index.php\/wp-json\/wp\/v2\/types\/page"}],"author":[{"embeddable":true,"href":"https:\/\/conferencia.ritmoenelarte.com\/index.php\/wp-json\/wp\/v2\/users\/2"}],"replies":[{"embeddable":true,"href":"https:\/\/conferencia.ritmoenelarte.com\/index.php\/wp-json\/wp\/v2\/comments?post=172"}],"version-history":[{"count":0,"href":"https:\/\/conferencia.ritmoenelarte.com\/index.php\/wp-json\/wp\/v2\/pages\/172\/revisions"}],"wp:featuredmedia":[{"embeddable":true,"href":"https:\/\/conferencia.ritmoenelarte.com\/index.php\/wp-json\/wp\/v2\/media\/35"}],"wp:attachment":[{"href":"https:\/\/conferencia.ritmoenelarte.com\/index.php\/wp-json\/wp\/v2\/media?parent=172"}],"curies":[{"name":"wp","href":"https:\/\/api.w.org\/{rel}","templated":true}]}}