{"id":9,"date":"2019-04-02T15:19:05","date_gmt":"2019-04-02T18:19:05","guid":{"rendered":"http:\/\/ritmoenelarte.com\/?page_id=9"},"modified":"2019-04-02T15:19:05","modified_gmt":"2019-04-02T18:19:05","slug":"acerca-de","status":"publish","type":"page","link":"https:\/\/conferencia.ritmoenelarte.com\/index.php\/acerca-de\/","title":{"rendered":"I Conferencia Internacional sobre el Ritmo en el Arte."},"content":{"rendered":"\n\t\t\t\t\n<p>Alianza Francesa de Buenos Aires, Av. C\u00f3rdoba 946, Buenos Aires.<\/p>\n\n\n\n<p>Actividad gratuita.  Formulario de inscripci\u00f3n para solicitar un certificado de asistencia:  <a href=\"https:\/\/forms.gle\/2aLWCxgaGu1UK4x17\">https:\/\/forms.gle\/2aLWCxgaGu1UK4x17<\/a>.<\/p>\n\n\n\n<p> <strong>Jueves 25.<\/strong><\/p>\n\n\n\n<p> 18 hs. <strong>Apertura y conferencia de Pascal Michon.<\/strong><\/p>\n\n\n\n<p>Presentaci\u00f3n de la I Conferencia y de <strong>Pascal Michon<\/strong> por <strong>An\u00edbal Zorrilla<\/strong>. Conferencia de <strong>Pascal Michon<\/strong>: \u201cEl Ritmo y la Historia del Arte en la <em>Belle \u00c9poque\u201d<\/em>.<\/p>\n\n\n\n<p> 19.15 hs. <strong>Lectura y reflexi\u00f3n sobre textos de Pascal Michon.<\/strong> Lectura y an\u00e1lisis de los art\u00edculos de <strong>Pascal Michon<\/strong> por parte de investigadores,  <a href=\"http:\/\/rhuthmos.eu\/spip.php?article2340\">\u201c<\/a><em><a href=\"http:\/\/rhuthmos.eu\/spip.php?article2340\">Ritmo, Ritman\u00e1lisis, Ritmolog\u00eda, un Ensayo del Estado de la Cuesti\u00f3n<\/a>\u201d, &#8220;<a href=\"http:\/\/www.rhuthmos.eu\/spip.php?article2270\">Sobre el Concepto de Episteme del Ritmo<\/a>\u201d,  &#8220;\u00bf<a href=\"http:\/\/rhuthmos.eu\/spip.php?article2278\">Disciplina, Control o Ritmo<\/a>?\u201d, &#8220;<a href=\"http:\/\/rhuthmos.eu\/spip.php?article2345\">Una Breve Historia de la Teor\u00eda del Ritmo desde los A\u00f1os 70<\/a><\/em>&#8221; <em> <\/em>y <em>&#8220;<a href=\"http:\/\/rhuthmos.eu\/spip.php?article2273\">Sobre los Ritmos de los Cuerpos<\/a>\u201d <\/em>para discutir su contenido en el marco del estudio del ritmo en el arte.  <\/p>\n\n\n\n<p> Participan: <strong>Pascal Michon<\/strong>; <strong>Pablo Bas<\/strong> (UNICEN, UTN, UNTreF UP); <strong>Gabriela D\u2019Odorico<\/strong> (UBA, UNA, UBACyT); <strong>Gabriel Vinazza<\/strong> (IES 1, FFyL, UBA) <strong>Sebasti\u00e1n Verea<\/strong> (IAMK, UNSAM).<\/p>\n\n\n\n<p> Coordina: <strong>Leticia Miramontes.<\/strong><\/p>\n\n\n\n<p> 20.30 hs. <strong>Presentaci\u00f3n perform\u00e1tica \u201cRitmo y Creaci\u00f3n Esc\u00e9nica<\/strong>\u201d.<\/p>\n\n\n\n<p> A cargo de <strong>Silvia Pritz<\/strong>, narradora  (DGEART). <strong>Luz Breide<\/strong>, int\u00e9rprete  (UNA) y <strong>An\u00edbal Zorrilla<\/strong>, piano (UNA)  <\/p>\n\n\n\n<p> <strong>Viernes 26.<\/strong><\/p>\n\n\n\n<p>\n18 hs.\n<strong>Ponencias.  Mesa de\ninvestigadores<\/strong><\/p>\n\n\n\n<p> Investigadores en arte comunicar\u00e1n el desarrollo de sus recientes investigaciones sobre el ritmo en el arte de acuerdo con los ejes de la I Conferencia. Performance con piano.<\/p>\n\n\n\n<p>Participan: <strong>Salom\u00e9 Lopes Coelho<\/strong> (FCSH UNL), <strong>Melisa Galarce<\/strong> (UNA), <strong>Leticia Miramontes<\/strong> (UNA), <strong>Roc\u00edo Jim\u00e9nez<\/strong> (UNA), <strong>Viviana Vasquez<\/strong> (UNA) <strong>An\u00edbal Zorrilla<\/strong>, (UNA).<\/p>\n\n\n\n<p> Coordina: <strong>Silvia Pritz<\/strong>.  <\/p>\n\n\n\n<p>\n19.15 hs. <strong>Conferencias\ny debate con Pascal Michon. Investigaciones actuales.<\/strong>\n<\/p>\n\n\n\n<p><strong>Facundo Carmona <\/strong>(UBA)<strong>, Alain Courtis <\/strong>(UBA<strong>), Ritmo, Ruido y Sociedad<\/strong>. Sobre el eje &#8220;Ritmo y sociedad. El ritmo en el arte y su relaci\u00f3n con el fen\u00f3meno r\u00edtmico en la vida pol\u00edtica y social&#8221;.<\/p>\n\n\n\n<p><strong>Marie Bardet,<\/strong> IDAES-UNSAM, UNDAV, UNA, Paris 8. <strong>Corporeidades Sismograficas<\/strong>. &#8220;&#8230;de la danza aprendemos que la materia no es est\u00fapida, que tiene ritmos&#8221;. S. Federici. Sobre el eje \u201cRitmo y sentido. El lugar del ritmo en la creaci\u00f3n de sentido en el arte\u201d.<\/p>\n\n\n\n<p><strong>Fernando Silberstein<\/strong>, FFyL, UBA, FHyA, UNR, UNA. <strong>El ritmo en los Textos Cl\u00e1sicos Confucianos<\/strong>. Sobre el eje \u201cRitmo y lenguaje. Ritmo, sentido y sujeto en el discurso&#8221;<\/p>\n\n\n\n<p> Coordina: <strong>Melisa Galarce<\/strong>.<\/p>\n\n\n\n<p> 20. 30 hs. <strong>Conclusiones y cierre.<\/strong><\/p>\n\n\n\n<p>Conclusiones y perspectivas para futuras investigaciones y actividades.<\/p>\n\n\n\n<p><strong> Pascal Michon<\/strong>, investigadores y participantes de las jornadas. <\/p>\n\n\n\n<p>Moderador: <strong>An\u00edbal Zorrilla<\/strong>.  <\/p>\n\n\n\n<p>Evento declarado de inter\u00e9s por el Departamento de Artes del Movimiento de la Universidad Nacional de las Artes. <\/p>\n\n\n\n<figure class=\"wp-block-image\"><img loading=\"lazy\" decoding=\"async\" width=\"1024\" height=\"76\" src=\"http:\/\/conferencia.ritmoenelarte.com\/wp-content\/uploads\/2019\/04\/Tira-de-logos-fina-1024x76.png\" alt=\"\" class=\"wp-image-133\" srcset=\"https:\/\/conferencia.ritmoenelarte.com\/wp-content\/uploads\/2019\/04\/Tira-de-logos-fina-1024x76.png 1024w, https:\/\/conferencia.ritmoenelarte.com\/wp-content\/uploads\/2019\/04\/Tira-de-logos-fina-300x22.png 300w, https:\/\/conferencia.ritmoenelarte.com\/wp-content\/uploads\/2019\/04\/Tira-de-logos-fina-768x57.png 768w, https:\/\/conferencia.ritmoenelarte.com\/wp-content\/uploads\/2019\/04\/Tira-de-logos-fina.png 1224w\" sizes=\"auto, (max-width: 767px) 89vw, (max-width: 1000px) 54vw, (max-width: 1071px) 543px, 580px\" \/><\/figure>\n\n\n\n<p><br><\/p>\n\t\t","protected":false},"excerpt":{"rendered":"<p>Alianza Francesa de Buenos Aires, Av. C\u00f3rdoba 946, Buenos Aires. Actividad gratuita. Formulario de inscripci\u00f3n para solicitar un certificado de asistencia: https:\/\/forms.gle\/2aLWCxgaGu1UK4x17. Jueves 25. 18 hs. Apertura y conferencia de Pascal Michon. Presentaci\u00f3n de la I Conferencia y de Pascal Michon por An\u00edbal Zorrilla. Conferencia de Pascal Michon: \u201cEl Ritmo y la Historia del Arte &hellip; <\/p>\n<p class=\"link-more\"><a href=\"https:\/\/conferencia.ritmoenelarte.com\/index.php\/acerca-de\/\" class=\"more-link\">Continue reading<span class=\"screen-reader-text\"> &#8220;I Conferencia Internacional sobre el Ritmo en el Arte.&#8221;<\/span><\/a><\/p>\n","protected":false},"author":2,"featured_media":35,"parent":0,"menu_order":0,"comment_status":"closed","ping_status":"closed","template":"","meta":{"footnotes":""},"class_list":["post-9","page","type-page","status-publish","has-post-thumbnail","hentry"],"_links":{"self":[{"href":"https:\/\/conferencia.ritmoenelarte.com\/index.php\/wp-json\/wp\/v2\/pages\/9","targetHints":{"allow":["GET"]}}],"collection":[{"href":"https:\/\/conferencia.ritmoenelarte.com\/index.php\/wp-json\/wp\/v2\/pages"}],"about":[{"href":"https:\/\/conferencia.ritmoenelarte.com\/index.php\/wp-json\/wp\/v2\/types\/page"}],"author":[{"embeddable":true,"href":"https:\/\/conferencia.ritmoenelarte.com\/index.php\/wp-json\/wp\/v2\/users\/2"}],"replies":[{"embeddable":true,"href":"https:\/\/conferencia.ritmoenelarte.com\/index.php\/wp-json\/wp\/v2\/comments?post=9"}],"version-history":[{"count":0,"href":"https:\/\/conferencia.ritmoenelarte.com\/index.php\/wp-json\/wp\/v2\/pages\/9\/revisions"}],"wp:featuredmedia":[{"embeddable":true,"href":"https:\/\/conferencia.ritmoenelarte.com\/index.php\/wp-json\/wp\/v2\/media\/35"}],"wp:attachment":[{"href":"https:\/\/conferencia.ritmoenelarte.com\/index.php\/wp-json\/wp\/v2\/media?parent=9"}],"curies":[{"name":"wp","href":"https:\/\/api.w.org\/{rel}","templated":true}]}}